g**2 - 85*g - 11. Give u(-5).
-311
Let a(v) = 56*v + 904. Calculate a(-16).
8
Let t(v) = v**3 - 22*v**2 + 7*v - 91. Give t(22).
63
Let d(z) = z**2 - 21*z - 127. What is d(-6)?
35
Let x(w) = w**3 + 111*w**2 - 119*w - 770. What is x(-112)?
14
Let o(t) = 213*t + 25343. Give o(-119).
-4
Let r(l) = -l**2 + 7*l + 128. Calculate r(17).
-42
Let v(u) = u**3 + 54*u**2 - 59*u - 186. What is v(-55)?
34
Let u(x) = -7*x**3 - 48*x**2 + 23*x + 4. Determine u(-8).
332
Let i(w) = -3519*w - 105572. Determine i(-30).
-2
Let t(u) = -1202*u - 41. Give t(0).
-41
Let z(w) = -w**3 + 26*w**2 - 15*w + 423. Determine z(26).
33
Let a(r) = 130*r**2 - 2468*r - 39. Give a(19).
-1
Let y(u) = 192*u - 1897. Calculate y(10).
23
Let z(x) = 129*x**3 - 71*x**2 - 66*x + 2. Give z(-1).
-132
Let f(y) = -y - 120. Calculate f(-106).
-14
Let q(a) = a**3 - 37*a**2 + 284*a - 69. Give q(11).
-91
Let b(h) = -2*h**3 - 45*h**2 + 16*h - 124. Calculate b(-23).
37
Let x(b) = -b**3 - 23*b**2 + 48*b + 37. Give x(-25).
87
Let n(m) = -m**3 - 14*m**2 - 25*m + 8. Determine n(-7).
-160
Let f(l) = 229*l + 1325. What is f(-6)?
-49
Let j(g) = -75*g - 383. What is j(-6)?
67
Let h(a) = a**3 + 6*a**2 - 228*a - 224. What is h(13)?
23
Let b(u) = u**3 - 9*u**2 - u + 38. What is b(9)?
29
Let h(l) = l**2 + 53*l + 490. Calculate h(-12).
-2
Let r(y) = -2*y**3 - 412*y**2 + 420*y + 1253. Give r(-207).
11
Let u(k) = -119*k**2 - 4*k + 5. Determine u(1).
-118
Let a(q) = -955*q - 603. Calculate a(-1).
352
Let p(r) = 151*r - 3156. Give p(17).
-589
Let p(a) = 2*a**2 + 14*a - 88. Give p(-11).
0
Let z(x) = -55*x - 2810. Give z(-51).
-5
Let k(d) = -d**3 + 7*d**2 + 12*d + 20. Give k(11).
-332
Let w(x) = -2*x**3 - 8*x**2 - 31*x - 115. What is w(-4)?
9
Let w(g) = -g**3 + 20*g**2 - 21*g - 55. Calculate w(20).
-475
Let n(v) = -v**3 - 103*v**2 - 2347*v - 75. Give n(-69).
-6
Let d(f) = f**2 + 34*f + 85. Calculate d(-24).
-155
Let f(p) = p**2 + 5*p + 18. Calculate f(-6).
24
Let g(y) = 7*y**3 - 96*y**2 - 32*y + 51. What is g(14)?
-5
Let y(d) = -238*d + 2553. Calculate y(11).
-65
Let y(k) = k**2 - 16*k + 17. Determine y(13).
-22
Let d(t) = t**3 - 2*t**2 - t + 3. Calculate d(2).
1
Let u(y) = 441*y + 4219. Calculate u(-9).
250
Let n(d) = d**3 + 23*d**2 - 114*d - 90. What is n(-27)?
72
Let b(t) = 13*t**3 - 4. Calculate b(2).
100
Let w(y) = 107*y + 188. Determine w(-9).
-775
Let p(s) = 5*s**3 + 9*s**2 - 17*s - 30. Calculate p(6).
1272
Let v(w) = 288*w**2 + 3169*w + 14. Give v(-11).
3
Let h(r) = r**3 + 11*r**2 - 17*r + 10. Calculate h(6).
520
Let f(t) = -3*t**2 + 20*t + 43. What is f(10)?
-57
Let d(z) = -5*z**3 + 15*z**2 - 3*z + 12. Determine d(3).
3
Let u(f) = -f**3 - 11*f**2 + 20*f - 26. Give u(-12).
-122
Let z(s) = -s**3 - 6*s**2 - 11*s. Calculate z(-5).
30
Let q(l) = 6*l**3 + 9*l**2 - 27*l - 1. What is q(3)?
161
Let f(z) = -z**3 - 14*z**2 + 32*z + 22. Give f(-16).
22
Let t(b) = b**3 + 9*b**2 - 9*b + 39. Determine t(-12).
-285
Let t(i) = 4*i**3 + 2*i**2 + 6*i - 60. What is t(0)?
-60
Let l(i) = 4*i**3 + 64*i**2 + 12*i + 234. Calculate l(-16).
42
Let s(c) = 13*c**2 - 2*c + 4. Determine s(2).
52
Let h(j) = j**3 + 159*j**2 - 163*j - 527. Give h(-160).
-47
Let q(h) = h**2 + 152*h + 1696. Calculate q(-12).
16
Let s(q) = -q**2 - 12019*q + 84173. Determine s(7).
-9
Let z(a) = 2*a**2 - 109*a + 461. Calculate z(55).
516
Let s(c) = c**2 + 12*c - 146. Give s(8).
14
Let a(q) = -q**2 - 71*q - 636. What is a(-11)?
24
Let z(h) = -32*h**2 - 57*h + 7. What is z(-2)?
-7
Let j(k) = -2311*k - 48544. Give j(-21).
-13
Let c(t) = -t**3 - 19*t**2 - 33*t - 276. Determine c(-18).
-6
Let o(s) = s**2 - 29*s - 250. What is o(-6)?
-40
Let h(i) = i**3 + 12*i**2 - 21*i - 100. Determine h(-13).
4
Let q(p) = -24*p - 315. What is q(-6)?
-171
Let i(n) = 8*n**2 + 80*n + 4. Determine i(-12).
196
Let z(r) = -8*r - 134. Determine z(-14).
-22
Let j(t) = -104*t + 1060. Determine j(9).
124
Let g(a) = -2*a**3 - 14*a**2 - 5*a - 41. Give g(-7).
-6
Let x(l) = -1256*l + 2514. Give x(2).
2
Let l(k) = 79*k + 637. Determine l(-8).
5
Let u(f) = 17*f**2 - 71*f + 15. Determine u(4).
3
Let a(c) = 9*c - 140. Determine a(-2).
-158
Let c(r) = 3*r**3 - 211*r**2 + 65*r + 351. What is c(70)?
1
Let m(o) = -2*o**2 + 35*o - 119. Give m(4).
-11
Let s(o) = 2*o - 197. What is s(19)?
-159
Let m(n) = 2357*n**2 - 7065*n - 6. Give m(3).
12
Let z(r) = -8*r**3 + 116*r**2 - 145*r - 152. Calculate z(13).
-9
Let l(p) = -9*p**2 - 108*p + 21. Determine l(-12).
21
Let o(v) = -20*v**2 - 4360*v. Give o(-218).
0
Let o(l) = -6*l**2 - 300*l + 36. Give o(-50).
36
Let d(u) = -u**2 - 145*u + 6962. Give d(38).
8
Let u(i) = 2*i**2 - 216*i + 3098. What is u(91)?
4
Let q(w) = 2*w**2 - 3973*w + 35594. Give q(9).
-1
Let x(m) = 9*m**2 - 404*m + 114. Determine x(45).
159
Let p(o) = 2*o**3 - 8*o + 24. Determine p(-3).
-6
Let q(i) = 7*i**3 - 1918*i**2 - 10*i + 2731. Determine q(274).
-9
Let n(v) = -57*v - 856. Give n(-14).
-58
Let r(p) = p**2 + 110*p + 325. Calculate r(-3).
4
Let t(s) = 44890*s - 269335. Determine t(6).
5
Let s(b) = b**2 + 71*b + 1057. Give s(-50).
7
Let l(v) = 507*v - 6073. What is l(12)?
11
Let k(n) = -n**3 - 4*n**2 - 14*n - 26. Give k(-4).
30
Let z(g) = g**3 - 15*g**2 - 183*g - 19. What is z(23)?
4
Let x(y) = 16*y**3 + 6*y**2 + 11*y + 8. What is x(-2)?
-118
Let p(h) = -1415*h - 1450. Calculate p(-1).
-35
Let k(r) = -20*r + 523. What is k(26)?
3
Let n(k) = -k**2 + 40*k - 396. Determine n(10).
-96
Let q(x) = 78*x - 1010. Give q(13).
4
Let r(j) = j**2 - 955. Give r(31).
6
Let l(q) = -212*q - 8488. Calculate l(-40).
-8
Let n(l) = -33*l**2 - 590*l + 52. Give n(-18).
-20
Let d(s) = -3*s**3 + 7*s**2 - 25*s + 4. Give d(5).
-321
Let o(r) = 2*r**3 - 29*r**2 - 137*r - 6. Determine o(-4).
-50
Let c(h) = -h + 99. Give c(7).
92
Let x(z) = -42*z + 3146. What is x(74)?
38
Let h(m) = 20*m - 140. Give h(7).
0
Let i(q) = 2*q**2 - 14*q - 4. Calculate i(11).
84
Let q(y) = -44*y - 3335. Determine q(-76).
9
Let n(t) = t**3 + 2*t**2 - 51*t + 35. Determine n(6).
17
Let f(u) = -2*u**3 - 269*u**2 - 132*u + 237. Calculate f(-134).
-31
Let b(q) = -2*q**2 - 5*q - 10. Give b(-1).
-7
Let h(s) = 7*s**2 + 84*s + 10. Calculate h(-11).
-67
Let m(k) = k**3 + 47*k**2 + 99*k + 414. Give m(-45).
9
Let v(m) = -2*m**3 - 69*m**2 + 111*m + 40. Calculate v(-36).
-68
Let z(t) = -12*t - 89. Calculate z(-7).
-5
Let j(m) = -m**2 + 13*m + 759. Determine j(-22).
-11
Let j(f) = -25*f**2 - 17*f - 41. Calculate j(-3).
-215
Let c(q) = 52*q - 9. Calculate c(-2).
-113
Let x(w) = -w**2 - 7*w + 964. What is x(28)?
-16
Let t(d) = 19*d**2 - 191*d + 170. What is t(9)?
-10
Let c(r) = 103*r**2 - 4*r + 4. What is c(0)?
4
Let o(a) = a**2 - 222*a - 3336. Give o(236).
-32
Let m(a) = 4*a + 50. Calculate m(-20).
-30
Let s(f) = -7*f**3 + 744*f**2 - 223*f + 1167. What is s(106)?
1
Let i(j) = 6*j**2 + 18*j + 65. Determine i(-5).
125
Let a(s) = -s**3 + 75*s**2 + 316*s + 6. Give a(79).
6
Let s(j) = 2*j**3 - 7*j**2 - 128*j + 2. Determine s(10).
22
Let x(n) = 1782*n + 3. Determine x(0).
3
Let q(d) = 20*d + 599. Give q(-28).
39
Let r(p) = 4*p + 42. Determine r(-2).
34
Let t(a) = 9*a**3 + 32*a**2 + 15*a + 9. Calculate t(-3).
9
Let v(x) = -x**2 + 18*x + 36. Calculate v(22).
-52
Let c(d) = -d**2 - 1990*d + 13986. Give c(7).
7
Let j(v) = v - 107. Give j(-15).
-122
Let s(v) = -4*v**2 + 18*v - 74. What is s(7)?
-144
Let j(i) = 95*i - 5411. What is j(57)?
4
Let k(y) = y**3 + 8*y**2 - 7*y - 63. Calculate k(-5).
47
Let n(k) = 39*k**2 - 17*k + 16. Calculate n(1).
38
Let n(u) = -u - 60. Determine n(-42).
-18
Let b(q) = -q**2 + q + 454. Calculate b(21).
34
Let i(v) = -2*v**2 + 78*v - 58. Calculate i(38).
18
Let d(y) = 2*y**2 + 5*y - 72. Determine d(4).
-20
Let i(b) = 4*b**2 + 97*b + 547. Calculate i(-12).
-41
Let w(x) = -2*x**2 + 15*x - 27. Determine w(9).
-54
Let a(z) = -3*z + 88. Give a(29).
1
Let l(u) = -19*u**3 - 45*u**2 - 20*u - 14. Determine l(-2).
-2
Let a(q) = q**3 + 76*q**2 - q + 55. What is a(-76)?
131
Let z(l) = -60*l - 1408. Calculate z(-24).
32
Let w(u) = -23*u + 182. Give w(16).
-186
Let a(z) = -271*z - 32. What is a(-1)?
239
Let f(n) = -n**2 - 23*n + 310. Calculate f(9).
22
Let t(o) = 313*o - 600. Give t(2).
26
Let o(y) = 26052*y + 52102. Determine o(-2).
-2
Let n(j) = -j**3 - 19*j**2 + 39*j + 1040. Determine n(-18).
14
Let l(x) = -2*x + 7. What is l(4)?
-1
Let t(w) = w**2 + 9*w - 73